osite?
False
Let f be (-3 - (3 + -14))*4. Suppose 0 = 3*y - 5*l - f, l + l + 20 = 3*y. Suppose -5*w + y*w + 445 = 0. Is w composite?
True
Let o be (4/(-6) - -1)*3. Is 305 + -6*o/(-3) composite?
False
Suppose 0 = -4*m + 5*k + 254563, -115583 - 75383 = -3*m - 5*k. Is m a composite number?
False
Suppose 5*y + 21 = d, -2*y + 3*d + 9 = -5*y. Let l be 2/(-8) + (-477)/y. Suppose -52 = -k - p, -2*k + l = -p + 6*p. Is k prime?
True
Let q = -1844 - -2931. Is q composite?
False
Suppose 5*o + 3 = 13. Suppose -b - o*b = -4113. Is b prime?
False
Let h(c) = -c + 9791. Let t be (14 - 8 - 6)/(2*-1). Is h(t) composite?
False
Suppose 6*a + 3*c = a - 2825, 1130 = -2*a + 3*c. Let l = 1652 + a. Is l a composite number?
False
Suppose -4*x - 5*l = -0*l - 52, -l + 52 = 4*x. Let o = x - -61. Is o composite?
True
Let i be -2 + 0 + 1 + 508/(-2). Let x = 728 + i. Is x a composite number?
True
Let q(b) = 144*b**2 + 5 + 4*b - 7 + 5. Is q(-2) a prime number?
True
Let i(t) = -5 + 3*t + 163*t**2 + 1 + 2. Let z be i(1). Let n = z - 79. Is n a composite number?
True
Suppose 69*f - 3154789 = 10*f. Is f prime?
False
Let y = -5 + -5. Let w = y + 15. Suppose -4*l = -w*j + 547 - 1470, -3*l = -5*j - 686. Is l a prime number?
False
Suppose -605 = 5*z + 2095. Let i = z + 763. Is i prime?
True
Suppose 6 = -0*k + 3*k. Let a be (-44)/k*(-10)/4. Suppose -x - 8 = -a. Is x composite?
False
Let q be ((-40)/(-3))/(3/(48 + -3)). Suppose q - 617 = -3*s. Is s a composite number?
False
Let y = -13 - -16. Let g(b) = -3*b**2 + 0*b + 5*b**3 - 2 + 2*b - 5*b. Is g(y) a prime number?
True
Let x = 14 - 22. Is 276/x*(-6)/9 composite?
False
Suppose 2444 = 5*r + c, r - c - 490 = -0*r. Is r prime?
False
Let l(w) = -680*w + 14. Let v(m) = -340*m + 7. Let d(h) = -6*l(h) + 11*v(h). Is d(2) a composite number?
False
Let b(c) = 15*c - 8. Let d(u) = -u**2 + 61*u - 33. Let l(o) = 9*b(o) - 2*d(o). Let a = -45 + 32. Is l(a) composite?
False
Suppose 0 = 4*u - 16. Suppose -u*d + 91 = -3*y - 345, 0 = 3*d + 5*y - 327. Is d a prime number?
True
Let c(u) be the second derivative of -u**5/5 + u**4/6 + 2*u**3/3 + u**2/2 + 16*u. Is c(-2) prime?
False
Let d = 31 - 25. Suppose d*p = 5*p. Let y(k) = k**2 - k + 145. Is y(p) a composite number?
True
Let t = -16 - -19. Suppose 0 = -t*z + 505 - 10. Suppose 3*u - z = -3*o, 4*u - 3*o - 196 = -o. Is u prime?
False
Let l(n) = 481*n - 638. Is l(19) composite?
False
Let v(j) = -j**3 + 10*j**2 - 7*j - 12. Let t be v(9). Suppose 0 = 2*m + t - 24. Is 29 + -3*(-6)/m prime?
True
Suppose 8*n - n = 42. Suppose -8632 = -n*q + 3*q + 2*l, -l - 2877 = -q. Is q composite?
True
Let u(i) = 20*i - 6. Let f be u(-6). Is (-1)/((12/(-4))/3) - f prime?
True
Let a(k) be the third derivative of 2*k**2 + 1/40*k**6 - 1/15*k**5 + 0 + 5/24*k**4 - 1/2*k**3 + 0*k. Is a(4) composite?
True
Suppose 3*o + 152 = 5*g, g + g - o = 61. Suppose u = 3*t + 2*u + 25, u - g = 5*t. Let d(z) = -9*z + 16. Is d(t) composite?
False
Let p = -22803 + 41906. Is p composite?
True
Let q(i) = 138*i**3 + 3*i**2 - 21*i + 47. Is q(4) composite?
True
Suppose 2*b - 769 = -5*l, 0*b - 2*b + 2*l + 790 = 0. Is b - 1 - 0/(-3) a prime number?
False
Let y(f) be the third derivative of -f**6/120 - 11*f**5/60 - 11*f**4/24 + 3*f**3/2 + 10*f**2. Let a be y(-10). Suppose -12*s - a = -13*s. Is s composite?
False
Suppose -3 = -r, -2*v + 3*r = 3*v + 9. Suppose 4*p - 8 = v, p = -5*q - 0 + 7. Is q/4 - 1683/(-36) a prime number?
True
Let p(u) = -u**2 + 4*u - 4. Let g be p(2). Suppose -1 = -f - g*f, f - 1683 = -2*b. Is b composite?
True
Let k(s) be the first derivative of -s**7/840 - s**6/360 + 7*s**5/120 + 5*s**4/24 + 2*s**3/3 - 2. Let t(j) be the third derivative of k(j). Is t(-8) prime?
True
Let v(l) = 10*l**2 + 47*l + 491. Is v(-12) prime?
True
Let c(x) = 150*x**2 - 5*x - 3. Is c(-4) composite?
False
Suppose 2*f + 19142 = 4*u, 17*u = 14*u - f + 14344. Is u prime?
True
Let x = -15 - 9. Let s be 66/16 + 3/x. Suppose p = 2*c + 50, -6*c = -s*p - 2*c + 192. Is p prime?
False
Suppose -3*p = -7*p. Suppose p = c + 3*c - 8. Suppose -c*s - s + 3*k = -366, -4*k = -s + 131. Is s composite?
True
Let n(v) = -11*v**2 - 9*v + 13. Let j(w) = -w**2. Let u(s) = 6*j(s) - n(s). Is u(-14) a prime number?
False
Let w = 53 + -25. Let r = 57 - w. Let u = 76 - r. Is u prime?
True
Let c(m) = 86*m**2 - 5*m - 4. Suppose 3*j + 14 = 11. Is c(j) composite?
True
Suppose 201*q - 189*q = 107292. Is q a composite number?
False
Is (-2)/16 - (127048/(-64) + 18) composite?
True
Let m(q) = 12*q**2 + 19*q - 1. Let g(x) = 4*x**2 + 6*x. Let k(a) = -8*g(a) + 3*m(a). Let o(l) = -l**3 + 6*l**2 + 7*l + 5. Let p be o(7). Is k(p) a prime number?
False
Let x(t) = 29 - 18*t - 5 - 10. Is x(-10) composite?
True
Let c be (0 + -4)*2/(-4). Suppose 4*p + 672 = c*k + 2*p, 0 = -2*k - p + 675. Is k a composite number?
False
Let l be (-2 + 1)*-1 - 4. Let g be 56/20*((-15)/(-2))/3. Is g*47/l*-3 a prime number?
False
Let g = -11262 - -19339. Is g a prime number?
False
Let h(g) be the first derivative of g**5/3 + g**4/24 + g**2/2 + 4. Let w(b) be the second derivative of h(b). Is w(-1) composite?
False
Let n(f) = -f**2 + 4*f. Let o be n(3). Let y be 2 - (63/o)/(-3). Suppose -253 = -4*x + 5*j, 5*j + y = 24. Is x prime?
True
Let l = -1 + -8. Let h be (-70)/l - (-12)/54. Is 59 - (-1 + h/(-4)) composite?
True
Suppose 6*t - 3*t - 285 = 0. Suppose -l = 3*m - t - 20, -2*l + 8 = 0. Is m composite?
False
Let g(j) = -81*j + 3. Let c be g(-4). Suppose 16*n - 14*n - 4 = 0. Suppose 0 = -n*s - s + c. Is s composite?
False
Let q(d) = d - 13. Let j be q(10). Let v be (0 - 2) + -277 - j. Is ((-14)/(-6))/((-4)/v) a composite number?
True
Suppose x + 28 = 3*y, -x + 4*y = 2*x + 79. Let u = x + 37. Is 3939/u + (-12)/(-16) a prime number?
False
Suppose -4*s - 16 = -8*s. Suppose -s*n + 49 = 337. Let a = 161 + n. Is a prime?
True
Let i(f) = 5*f**2 - 3*f + 1. Let y(j) = 5*j**2 - 4*j. Let r be (-36)/8 - (-3)/(-6). Let x(l) = r*y(l) + 6*i(l). Is x(-5) a composite number?
True
Suppose 966 - 4342 = -4*v. Suppose 45*f = 41*f + v. Is f prime?
True
Let y(v) = 1541*v + 461. Is y(6) prime?
False
Let u(v) = -v**2 + 6*v. Let p be u(6). Suppose 3*q - l = 3, -q = l - p - 5. Is (70/49)/(q/14) composite?
True
Let i(c) = 2*c**2 + 8*c + 3. Let n be i(-4). Suppose -n*p + 4*t + 1355 = 0, 8*p - 5*p - t - 1358 = 0. Is p prime?
False
Is -8*(-18)/(-24) + 153997 a composite number?
False
Let f(s) = s + 7. Let y be f(-4). Suppose 4*c - 33 = c - 3*h, -y*c + 38 = 4*h. Suppose -a = -c*a + 290. Is a prime?
False
Suppose -9 = -3*x, -a + 8*x - 10*x + 26141 = 0. Is a composite?
True
Let q(n) = 170*n**2 - 30*n + 217. Is q(6) composite?
True
Is 1*7/(-1) + 548 a composite number?
False
Suppose -3*s = 2*s - 65. Suppose -4*u - s = -77. Is ((-440)/u)/(2/(-4)) a prime number?
False
Let d(x) = 3*x**2 + 9*x + 13. Let y be d(-11). Let g = y + -150. Is g composite?
False
Let x(y) = -y + 6. Let g be x(6). Let j(f) = f + 1. Let p be j(g). Is (-1)/(p*(-1)/119) a composite number?
True
Let c be (1 - 91*2)/(-1). Let z(n) = 17*n - 166. Let b be z(10). Suppose -b*m = m + 5*q - 430, 2*m - q = c. Is m a prime number?
True
Suppose 3*c + 3 = h + 23, -5*h - 40 = -3*c. Suppose -1 - 9 = -2*u + c*t, -5*t = -4*u + 10. Suppose 6*j - 348 = -u*j. Is j a prime number?
False
Let l(f) = 2*f + 8. Let v be l(-5). Is 3 - (0 + 80)*v a prime number?
True
Let a = 12815 + -1945. Suppose -18*f + 8*f = -a. Is f a prime number?
True
Let g = 1648 - 980. Suppose 4*b + 2122 = 2*v, 0 = -2*v - b - 522 + 2654. Let m = v - g. Is m a composite number?
False
Let i(z) = z**3 + 35*z**2 - 76*z - 37. Is i(-31) a prime number?
True
Let z = -6 - -10. Suppose 4*m - 1 = -5*v, 0*v + 39 = -z*m + 3*v. Let i(r) = -69*r - 5. Is i(m) a composite number?
False
Let y(o) = 227*o - 12. Let n be y(9). Suppose 0 = 3*q - 0*q - n. Is q a prime number?
True
Let m(o) = o**3 + 6*o**2 - 8*o - 2. Let l be m(-7). Suppose 339 = 2*z + 2*p + 3*p, -5*z - l*p = -870. Is z a prime number?
False
Suppose -2*r + 12187 + 20415 = 0. Is r a prime number?
True
Suppose -5*m - 8159 = -d, -2*d = 3*m - 4*m - 16318. Is d composite?
True
Let d be (-11)/9 + (-6)/(-27) - -12. Suppose -10*p + d*p - 1507 = 0. Is p a composite number?
True
Let t(n) = 216*n**2 - 21*n - 11. Is t(-6) prime?
False
Let y(q) = -13*q - 1. Let a(w) be the second derivative of 7*w**3/3 + 4*w. Let x(m